154013407 a prime number?
False
Is 23474610161 a composite number?
True
Is 36643721959 prime?
False
Is 1269165499 a composite number?
True
Is 15387320941 composite?
True
Is 145544498773 a prime number?
True
Is 9939730859 composite?
False
Is 1953799921 prime?
True
Is 1184146889 prime?
True
Is 11644594513 a composite number?
False
Is 785697463 a composite number?
False
Is 17147022007 a composite number?
False
Is 83313542509 a composite number?
True
Is 30805169 a prime number?
True
Is 13396253729 prime?
True
Is 129124519 prime?
True
Is 671731547 prime?
True
Is 151945931 a prime number?
True
Is 25633866971 a prime number?
False
Is 272203793 a composite number?
True
Is 19774960943 a composite number?
False
Is 1752778343 a composite number?
False
Is 24170495033 prime?
True
Is 387184308649 a prime number?
True
Is 37677695063 a composite number?
False
Is 23774707427 composite?
False
Is 10133723521 a composite number?
True
Is 10315937 a composite number?
True
Is 10704801389 composite?
False
Is 18209075497 prime?
False
Is 3267336061 a composite number?
True
Is 944747357 a composite number?
True
Is 2157169447 prime?
True
Is 7069432751 a composite number?
False
Is 401000759 a prime number?
True
Is 2298873451 composite?
True
Is 12606441683 composite?
True
Is 97768479287 a composite number?
True
Is 4888907587 a composite number?
False
Is 23517837101 a prime number?
False
Is 4626031919 composite?
False
Is 2452897757 a prime number?
True
Is 5370065717 prime?
False
Is 6037616665 a composite number?
True
Is 59486805629 prime?
True
Is 897774983 composite?
True
Is 3180659611 a composite number?
True
Is 1291261949 prime?
False
Is 375083928223 a composite number?
True
Is 312672713 a composite number?
True
Is 369534379 prime?
True
Is 16441099511 a prime number?
True
Is 17493006883 a composite number?
True
Is 34033229801 composite?
False
Is 4106502007 composite?
True
Is 1033479589 prime?
False
Is 3426496519 composite?
False
Is 25255211 prime?
False
Is 7820387261 a prime number?
True
Is 6418445471 prime?
True
Is 3379335811 a composite number?
False
Is 251747911 prime?
True
Is 1334106359 prime?
False
Is 1121860219 a composite number?
True
Is 3908845729 composite?
False
Is 6634357 composite?
False
Is 42722271773 prime?
False
Is 417589687 prime?
True
Is 107374587167 a prime number?
True
Is 3354304823 a prime number?
False
Is 20574789821 a prime number?
True
Is 41478075319 composite?
True
Is 1596493247 a prime number?
False
Is 21683179451 a composite number?
True
Is 192733409 composite?
True
Is 23513987299 a composite number?
True
Is 20082709 composite?
False
Is 185213107 composite?
False
Is 1601393719 prime?
True
Is 12579761455 a prime number?
False
Is 3715516957 a prime number?
False
Is 1382229857 prime?
True
Is 594857173 prime?
False
Is 3975017383 a prime number?
True
Is 5500224311 prime?
True
Is 31384437803 a composite number?
True
Is 7628765989 composite?
True
Is 1803420013 a prime number?
False
Is 90914122807 composite?
False
Is 1819566607 prime?
False
Is 3768912727 a composite number?
False
Is 20486341 prime?
False
Is 5564976763 composite?
False
Is 7324637 composite?
True
Is 59562641 composite?
False
Is 1453116527 a composite number?
False
Is 2887057631 composite?
True
Is 4212313123 prime?
True
Is 144256426 prime?
False
Is 4894602439 prime?
True
Is 157059196477 a prime number?
False
Is 3818900707 prime?
True
Is 86413832677 a composite number?
True
Is 7418143354 composite?
True
Is 655708916923 prime?
True
Is 13654370929 composite?
True
Is 4107824543 a composite number?
False
Is 74618259097 prime?
False
Is 68650633 a prime number?
False
Is 18215579 a composite number?
False
Is 57061560943 composite?
False
Is 20605080677 prime?
True
Is 15137193131 composite?
False
Is 949634471 a composite number?
True
Is 89744246077 a composite number?
False
Is 584018107 composite?
False
Is 4226869679 a composite number?
False
Is 1337715157 a prime number?
False
Is 1512026819 a prime number?
False
Is 5785504609 a prime number?
False
Is 410330043733 prime?
True
Is 24301712399 prime?
True
Is 872064329 a prime number?
False
Is 598706737 a composite number?
False
Is 28520625851 prime?
False
Is 79391622853 composite?
True
Is 152372411 composite?
True
Is 492117247 a composite number?
False
Is 80313647633 a prime number?
True
Is 1785919181 prime?
True
Is 37451443703 prime?
True
Is 10255480009 a prime number?
False
Is 9415253762 prime?
False
Is 147229215779 a prime number?
True
Is 133595144513 prime?
False
Is 1428476537 composite?
False
Is 2783157303 a prime number?
False
Is 9888336599 a prime number?
True
Is 1710520421 a prime number?
True
Is 2251796857 prime?
False
Is 17945371019 composite?
True
Is 385305934399 prime?
False
Is 373577047 prime?
True
Is 427651519 prime?
True
Is 356408929 prime?
True
Is 19921772813 a composite number?
True
Is 18544240121 composite?
True
Is 29858619163 prime?
False
Is 1503257621 a prime number?
False
Is 155502883 composite?
True
Is 7499929847 a prime number?
True
Is 48877187 a prime number?
True
Is 4778669517 composite?
True
Is 2032974383 composite?
True
Is 509128721 a composite number?
True
Is 4994921 prime?
False
Is 22871681669 composite?
False
Is 536146543 composite?
False
Is 45161637331 a prime number?
False
Is 94422237299 a composite number?
True
Is 969174043 a prime number?
True
Is 2151431939 a composite number?
True
Is 4974047567 prime?
False
Is 8580691909 composite?
True
Is 20482539383 a composite number?
True
Is 2123871917 a composite number?
False
Is 16046989859 composite?
False
Is 8401397 composite?
False
Is 1396716901 a prime number?
True
Is 28884908297 composite?
True
Is 1686221441 prime?
False
Is 68688799405 a composite number?
True
Is 2543939867 a prime number?
False
Is 385075783 prime?
False
Is 63284171 a composite number?
True
Is 5244023819 prime?
True
Is 149140783489 a composite number?
True
Is 360677767 a composite number?
True
Is 25819351631 a composite number?
False
Is 43126007 a prime number?
False
Is 989599997 composite?
False
Is 20066586955 composite?
True
Is 8840163379 prime?
False
Is 17762859181 prime?
True
Is 7281147071 prime?
False
Is 21628854773 prime?
True
Is 3258834847 composite?
False
Is 495284771 a composite number?
False
Is 3326693419 prime?
False
Is 2119876657 composite?
True
Is 43046896159 prime?
True
Is 1938023729 a prime number?
False
Is 7300125977 a prime number?
True
Is 76759543499 prime?
True
Is 66843769303 a prime number?
True
Is 6402533351 prime?
False
Is 37609431 a composite number?
True
Is 46167136363 a composite number?
False
Is 314322707 a composite number?
True
Is 6641564753 prime?
False
Is 14817186571 prime?
False
Is 4349666269 a prime number?
False
Is 8118590173 a prime number?
True
Is 5408317393 prime?
False
Is 12811909639 a prime number?
True
Is 205279421 a prime number?
True
Is 303554663 a composite number?
False
Is 641429273 a prime number?
True
Is 448858297 prime?
True
Is 11399806441 composite?
False
Is 3559924663 prime?
True
Is 2942273167 a composite number?
True
Is 74038651 a prime number?
True
Is 16975395653 prime?
True
Is 1736363645 a prime number?
False
Is 4218078661 a prime number?
True
Is 7157610059 prime?
True
Is 27146658079 a prime number?
True
Is 225710539 composite?
True
Is 7575902317 composite?
True
Is 902688773 composite?
True
Is 340970341 a composite number?
False
Is 116873483 a prime number?
True
Is 11242950001 a prime number?
True
Is 30512573183 a prime number?
True
Is 929850643 prime?
False
Is 163676383883 a prime number?
False
Is 2309709937 a prime number?
False
Is 31457455527 a composite number?
True
Is 303057971 prime?
False
Is 111921346883 a prime number?
True
Is 5770473043 a prime number?
False
Is 18391113049 a prime number?
False
Is 992774147 a composite number?
True
Is 8067725089 a prime number?
True
Is 7680227839 composite?
True
Is 356615387 a composite number?
True
Is 4470982381 prime?
True
Is 814018915 composite?
True
Is 12259003 prime?
True
Is 2992636937 composite?
True
Is 247271357 composite?
False
Is 764202599 a prime number?
False
Is 812965921 a prime number?
False
Is 687891251 prime?
True
Is 1546018643 a composite number?
True
Is 136116719 a composite number?
False
Is 6784709521 a prime number?
False
Is 9651776657 prime?
False
Is 202187509 composite?
False
Is 16884175781